4*d = -0*d - 4*x + 20. Suppose h = 4*y - d, -2*y - 38 - 12 = -5*h. Calculate the highest common divisor of 6 and h.
6
Suppose 6 + 7 = j. Let s(p) = -p + 21. Let c be s(8). What is the greatest common factor of c and j?
13
Let q(g) = -5*g - 8*g + 6 - 5 - 9*g. Let u be q(-1). What is the highest common divisor of 23 and u?
23
Let v = -25 - -12. Let n = v - -43. Calculate the greatest common factor of 20 and n.
10
Suppose -5*m - 3*r + 113 = -73, -3*m + 3*r = -126. Suppose -k - 104 = -5*k. Calculate the greatest common factor of k and m.
13
Suppose 104 = 4*p - 0*p. Let y be 7/21*(1 + p). Calculate the highest common divisor of y and 72.
9
Let q(t) = -3*t + 30. Let k be q(-14). Calculate the greatest common divisor of 18 and k.
18
Let n = 20 + -18. Calculate the highest common factor of n and 10.
2
Suppose -3*h = 15, h + 0*h - 9 = -g. Suppose -2*m - 5*b = -75, -5*m + 3*b + 155 = g. Suppose 4*q + m - 470 = 0. What is the highest common factor of q and 10?
10
Let a be 18/(-8)*96/(-9). Calculate the greatest common factor of 3 and a.
3
Let w(f) be the first derivative of -f**3/3 + f**2/2 + f + 3. Let m be w(0). What is the greatest common divisor of 4 and m?
1
Let s be (7/5)/((-3)/(-15)). What is the highest common factor of s and 56?
7
Suppose -5*z + 2*a = -202, 0*z = 2*z - 3*a - 72. Calculate the highest common factor of 63 and z.
21
Suppose -25*f = -28*f + 93. What is the greatest common divisor of f and 155?
31
Let z = -10 + 14. Suppose 3*b = -4*s + 15 + 2, 27 = b - z*s. What is the greatest common factor of b and 44?
11
Suppose 4*i - 8*i + 8 = 0, 0 = -5*v + 4*i + 52. Let j be 9*(-4 - (-42)/9). What is the highest common factor of v and j?
6
Let a be 3/(9/(-2))*-3. Let j(f) = -f**2 - 7*f - 7. Let c be j(-5). Suppose c*z - a = 34. Calculate the greatest common divisor of 30 and z.
6
Let z = 61 + -37. Calculate the greatest common divisor of 48 and z.
24
Suppose 5*j = 0, 5*s - 30 = -7*j + 3*j. Calculate the highest common factor of s and 36.
6
Let v(c) = 22*c - 11. Let u be v(8). What is the greatest common divisor of u and 15?
15
Let v be ((-3)/2)/(2/(-44)). Suppose 5 = -23*g + 74. What is the greatest common factor of g and v?
3
Suppose 0 = 2*c - l + 27, l = c - 3*c - 33. Let s be 104/20*c/(-3). Calculate the greatest common factor of 39 and s.
13
Let b(w) = 2*w. Let q be b(5). Let d(s) = 5*s**2 + 3. Let z be d(-6). Let p = z - 123. What is the greatest common divisor of q and p?
10
Let q(t) = -t**3 - t**2 + 12*t + 4. Let o be q(-5). Calculate the greatest common divisor of 11 and o.
11
Let c(w) = -5*w - 28. Let m be c(-9). Let q be -2 + (-1)/((-2)/242). Calculate the greatest common divisor of q and m.
17
Suppose 4*d = -2*u + 52, 34 = 2*d - 4*u + 3*u. Suppose 4*s = -s - d, -24 = -h - 5*s. What is the greatest common factor of 26 and h?
13
Let x be 2 - ((-3 - -1) + 5). Let h(a) = -2*a + 1. Let p be h(x). What is the greatest common divisor of 12 and p?
3
Let m(d) = -d**3 - 6*d**2 + 4*d - 16. Let x be m(-7). What is the greatest common divisor of 35 and x?
5
Let a be (-17)/15 - -1 - 1508/(-60). Calculate the highest common factor of a and 175.
25
Suppose -64 = 5*z + 51. Let c = -13 - z. Suppose 0*s + 110 = s. What is the greatest common divisor of c and s?
10
Suppose -3*o = 2*d + 4, 5 = 5*o - 5. Let m = -12 - d. Let f = m - -22. What is the highest common factor of 5 and f?
5
Suppose -22 + 60 = 2*l. Let o be -2 + 1 + -1 - -606. Suppose -2*c - 2*u - 150 = -3*c, 4*c = 4*u + o. What is the highest common divisor of l and c?
19
Suppose 0 + 15 = -3*f. Let u(m) = m**2 - 3. Let d be u(f). What is the highest common divisor of 2 and d?
2
Suppose -2*y - 5*g = -6 - 20, -2*y + 2*g = -26. Calculate the highest common divisor of y and 39.
13
Let o(x) = -x**3 - 3*x**2 + 4. Let p = 14 - 17. Let m be o(p). What is the greatest common divisor of m and 8?
4
Let n(o) = -2*o**2 - 4*o + 6. Let i be n(-5). Let t = i - -44. Let d = -1 + t. Calculate the greatest common divisor of d and 133.
19
Suppose -7*u + 9*u = -98. Let f = u + 203. What is the highest common factor of f and 14?
14
Let u(g) = -g**3 + g**2 + 1. Let s be u(0). Suppose 4*f = 3 + s. Suppose -4*q = j - 9, 2*j - q + 4 = 4*j. What is the greatest common factor of j and f?
1
Let t = -2 + 11. Let y be (-65)/(-7) + (-2)/7. What is the highest common divisor of y and t?
9
Let j be 8/10*-2*5. Let w = -1 - j. Let c(n) = -n**3 - 6*n**2 + 3*n + 7. Let y be c(-7). What is the greatest common factor of y and w?
7
Let j(d) = d**2 - 8*d + 3. Let a be j(8). Let u = a - 1. Let c(n) = 7*n**2 - n + 2. Let v be c(u). What is the greatest common factor of v and 7?
7
Let s(g) = -27*g + 1. Let j be s(-1). Let x = j + -17. What is the greatest common divisor of x and 121?
11
Let f(z) be the first derivative of 9*z**4/2 + 2*z**3/3 - z**2/2 - 4. Let q be f(1). Calculate the highest common divisor of q and 76.
19
Let a = 245 - 230. Suppose -s + 2*j + 60 = -j, 240 = 4*s + 2*j. What is the greatest common divisor of s and a?
15
Let p = 10 - 9. Let z be -45*(-3)/(p - 0). What is the highest common factor of 15 and z?
15
Let c be ((-4)/10)/(-3 + 8094/2700). Suppose 2*h = 43 - 7. What is the greatest common divisor of h and c?
18
Let h = -8 - -28. Suppose 0 = -4*n, 3*f + n - 15 = -0*f. Suppose f*d + 5 = 0, 0 = -2*a - 0*a + 3*d + 63. What is the greatest common divisor of a and h?
10
Let v = 15 - 8. Suppose 5*n - 298 = v*n. Let k = 219 + n. What is the greatest common divisor of 7 and k?
7
Suppose 0 = -5*z - 5, -4*z = 4*b - 3*z + 13. Let k(a) = a - 5*a + 2 + 2*a**2 - 4. Let j be k(b). What is the greatest common divisor of j and 7?
7
Let m(y) = 5*y**2 + 3*y + 1. Let o be m(-4). Calculate the highest common divisor of 46 and o.
23
Let w(m) = -m**3 + m**2 + m + 14. Let v be w(0). What is the greatest common divisor of 14 and v?
14
Let o be (-8)/(-52) - 1320/(-39). What is the highest common divisor of o and 34?
34
Let p be (6/(-3))/(8/(-36)). Let u = 19 - p. What is the highest common divisor of 40 and u?
10
Suppose 2*u - 25 = -3*u. Suppose 4*g + 3*q = -0*g + 13, 0 = -4*g + 4*q + 20. Suppose g*k = 18 + 82. Calculate the highest common factor of u and k.
5
Let n(f) = -f - 1 + 26 + 4 + 0*f. Let g be n(12). What is the greatest common divisor of 153 and g?
17
Let c be (-10 + 5)*(-3)/3. What is the greatest common factor of c and 10?
5
Let r be -1*1*-1*2. Suppose 2*p + 36 = -2*p. Let o be 12/p*42/(-4). Calculate the highest common divisor of o and r.
2
Let d = 8 + 24. Let a(j) = 2*j. Let l be a(8). What is the greatest common divisor of l and d?
16
Suppose -2*p = -190 - 40. Suppose 5*g + 0*g = -545. Let z = g + 155. Calculate the greatest common factor of p and z.
23
Suppose 5*x = 20, 4*s - 4*x - 4 + 0 = 0. Calculate the highest common divisor of 25 and s.
5
Let t be 72 + 0 + -1 + 1. Suppose 3*a - 5*a + t = 0. Suppose v - 7 - 5 = 0. Calculate the highest common divisor of a and v.
12
Suppose 96 = n + 71. Calculate the greatest common divisor of n and 5.
5
Let n be 14/(1/(-4)*-2). Suppose 2*i - 5*i = -756. Calculate the greatest common divisor of n and i.
28
Suppose 5*w + 5*n + 5 = 0, n + 11 = 5*w + 2*n. Suppose -6*r - w = -3*r, 0 = -5*d + 2*r + 82. Calculate the highest common factor of d and 8.
8
Let n = 3 + -8. Let t be ((-7)/(-2))/(n/(-20)). What is the highest common divisor of 35 and t?
7
Suppose 0*o - 4*o - 128 = -4*x, -5*x - o = -130. Calculate the greatest common factor of x and 216.
27
Let k(b) = 5*b - 2. Let v be k(3). Let f = -85 - -137. Calculate the greatest common divisor of v and f.
13
Let v(z) = -z**3 + 5*z**2 + 11*z - 9. Let q be v(7). Let k = -12 - q. What is the highest common factor of 162 and k?
18
Let m(b) = b + 6. Let h be m(0). Let v = h - 8. Let s be (-28)/v - 2*1. What is the highest common factor of s and 30?
6
Let g be (14/5)/(4/10). What is the greatest common divisor of 77 and g?
7
Let c = 43 - 37. Calculate the greatest common divisor of 18 and c.
6
Let h be -2*1/3*12. Let l(n) = n + 16. Let m be l(h). What is the greatest common factor of 40 and m?
8
Suppose -3*b + 5 = -5*y, 0*y - 2*b + 14 = 2*y. Let q(j) = -j + 3. Let o be q(-4). Suppose o*r - 12 = 4*r. What is the highest common factor of y and r?
2
Let g(s) = -s**3 + 6*s**2 - 3*s - 4. Suppose 4*k = 20 - 0. Let l be g(k). Suppose 5*z + 24 = 9, -5*c = -5*z